{"id":64,"date":"2014-05-09T19:03:19","date_gmt":"2014-05-09T19:03:19","guid":{"rendered":"http:\/\/www.amdecorinox.com.br\/site\/?page_id=64"},"modified":"2019-08-02T21:24:25","modified_gmt":"2019-08-02T21:24:25","slug":"cozinhas-industriais","status":"publish","type":"page","link":"https:\/\/www.amdecorinox.com.br\/site\/produtos\/cozinhas-industriais\/","title":{"rendered":"COZINHAS INDUSTRIAIS"},"content":{"rendered":"<p>[vc_row][vc_column][vc_column_text]<\/p>\n<h5><strong>Somos especializados na fabrica\u00e7\u00e3o de equipamentos para\u00a0cozinha industrial: sistema de exaust\u00e3o, coifas, tubula\u00e7\u00f5es, mesas lisas, mesas com cuba, balc\u00e3o, e churrasqueiras.\u00a0N\u00e3o perca tempo\u00a0e conhe\u00e7a o diferencial dos nossos produtos.\u00a0<\/strong><a title=\"Coifas Industriais\" href=\"http:\/\/www.mdcozinhas.com.br\/coifas-industriais-coifa-industrial.html\"><br \/>\n<\/a><\/h5>\n\n\t\t\t<style type='text\/css'>\n\t\t\t\t#gallery-1 {\n\t\t\t\t\tmargin: auto;\n\t\t\t\t}\n\t\t\t\t#gallery-1 .gallery-item {\n\t\t\t\t\tfloat: left;\n\t\t\t\t\tmargin-top: 10px;\n\t\t\t\t\ttext-align: center;\n\t\t\t\t\twidth: 16%;\n\t\t\t\t}\n\t\t\t\t#gallery-1 img {\n\t\t\t\t\tborder: 2px solid #cfcfcf;\n\t\t\t\t}\n\t\t\t\t#gallery-1 .gallery-caption {\n\t\t\t\t\tmargin-left: 0;\n\t\t\t\t}\n\t\t\t\t\/* see gallery_shortcode() in wp-includes\/media.php *\/\n\t\t\t<\/style>\n\t\t<div id='gallery-1' class='dt-gallery-container gallery galleryid-494 gallery-columns-6 gallery-size-thumbnail'><dl class='gallery-item'>\n\t\t\t\t<dt class='gallery-icon landscape'>\n\t\t\t\t\t<a data-description='' class='rollover rollover-zoom dt-pswp-item' title='1398979480946' data-dt-img-description='' data-large_image_width='1000' data-large_image_height = '895'  href='https:\/\/www.amdecorinox.com.br\/site\/wp-content\/uploads\/2019\/07\/1398979480946.jpg'><img loading=\"lazy\" decoding=\"async\" width=\"150\" height=\"150\" src=\"https:\/\/www.amdecorinox.com.br\/site\/wp-content\/uploads\/2019\/07\/1398979480946-150x150.jpg\" class=\"attachment-thumbnail size-thumbnail\" alt=\"\" srcset=\"https:\/\/www.amdecorinox.com.br\/site\/wp-content\/uploads\/2019\/07\/1398979480946-150x150.jpg 150w, https:\/\/www.amdecorinox.com.br\/site\/wp-content\/uploads\/2019\/07\/1398979480946-150x150@2x.jpg 300w\" sizes=\"(max-width: 150px) 100vw, 150px\" \/><\/a>\n\t\t\t\t<\/dt><\/dl><dl class='gallery-item'>\n\t\t\t\t<dt class='gallery-icon landscape'>\n\t\t\t\t\t<a data-description='' class='rollover rollover-zoom dt-pswp-item' title='1398979481267' data-dt-img-description='' data-large_image_width='1000' data-large_image_height = '711'  href='https:\/\/www.amdecorinox.com.br\/site\/wp-content\/uploads\/2019\/07\/1398979481267.jpg'><img loading=\"lazy\" decoding=\"async\" width=\"150\" height=\"150\" src=\"https:\/\/www.amdecorinox.com.br\/site\/wp-content\/uploads\/2019\/07\/1398979481267-150x150.jpg\" class=\"attachment-thumbnail size-thumbnail\" alt=\"\" srcset=\"https:\/\/www.amdecorinox.com.br\/site\/wp-content\/uploads\/2019\/07\/1398979481267-150x150.jpg 150w, https:\/\/www.amdecorinox.com.br\/site\/wp-content\/uploads\/2019\/07\/1398979481267-150x150@2x.jpg 300w\" sizes=\"(max-width: 150px) 100vw, 150px\" \/><\/a>\n\t\t\t\t<\/dt><\/dl><dl class='gallery-item'>\n\t\t\t\t<dt class='gallery-icon landscape'>\n\t\t\t\t\t<a data-description='' class='rollover rollover-zoom dt-pswp-item' title='cam00043' data-dt-img-description='' data-large_image_width='1000' data-large_image_height = '750'  href='https:\/\/www.amdecorinox.com.br\/site\/wp-content\/uploads\/2019\/07\/cam00043.jpg'><img loading=\"lazy\" decoding=\"async\" width=\"150\" height=\"150\" src=\"https:\/\/www.amdecorinox.com.br\/site\/wp-content\/uploads\/2019\/07\/cam00043-150x150.jpg\" class=\"attachment-thumbnail size-thumbnail\" alt=\"\" srcset=\"https:\/\/www.amdecorinox.com.br\/site\/wp-content\/uploads\/2019\/07\/cam00043-150x150.jpg 150w, https:\/\/www.amdecorinox.com.br\/site\/wp-content\/uploads\/2019\/07\/cam00043-150x150@2x.jpg 300w\" sizes=\"(max-width: 150px) 100vw, 150px\" \/><\/a>\n\t\t\t\t<\/dt><\/dl><dl class='gallery-item'>\n\t\t\t\t<dt class='gallery-icon portrait'>\n\t\t\t\t\t<a data-description='' class='rollover rollover-zoom dt-pswp-item' title='cam00143' data-dt-img-description='' data-large_image_width='837' data-large_image_height = '1000'  href='https:\/\/www.amdecorinox.com.br\/site\/wp-content\/uploads\/2019\/07\/cam00143.jpg'><img loading=\"lazy\" decoding=\"async\" width=\"150\" height=\"150\" src=\"https:\/\/www.amdecorinox.com.br\/site\/wp-content\/uploads\/2019\/07\/cam00143-150x150.jpg\" class=\"attachment-thumbnail size-thumbnail\" alt=\"\" srcset=\"https:\/\/www.amdecorinox.com.br\/site\/wp-content\/uploads\/2019\/07\/cam00143-150x150.jpg 150w, https:\/\/www.amdecorinox.com.br\/site\/wp-content\/uploads\/2019\/07\/cam00143-150x150@2x.jpg 300w\" sizes=\"(max-width: 150px) 100vw, 150px\" \/><\/a>\n\t\t\t\t<\/dt><\/dl><dl class='gallery-item'>\n\t\t\t\t<dt class='gallery-icon portrait'>\n\t\t\t\t\t<a data-description='' class='rollover rollover-zoom dt-pswp-item' title='cam00144' data-dt-img-description='' data-large_image_width='750' data-large_image_height = '1000'  href='https:\/\/www.amdecorinox.com.br\/site\/wp-content\/uploads\/2019\/07\/cam00144.jpg'><img loading=\"lazy\" decoding=\"async\" width=\"150\" height=\"150\" src=\"https:\/\/www.amdecorinox.com.br\/site\/wp-content\/uploads\/2019\/07\/cam00144-150x150.jpg\" class=\"attachment-thumbnail size-thumbnail\" alt=\"\" srcset=\"https:\/\/www.amdecorinox.com.br\/site\/wp-content\/uploads\/2019\/07\/cam00144-150x150.jpg 150w, https:\/\/www.amdecorinox.com.br\/site\/wp-content\/uploads\/2019\/07\/cam00144-150x150@2x.jpg 300w\" sizes=\"(max-width: 150px) 100vw, 150px\" \/><\/a>\n\t\t\t\t<\/dt><\/dl><dl class='gallery-item'>\n\t\t\t\t<dt class='gallery-icon portrait'>\n\t\t\t\t\t<a data-description='' class='rollover rollover-zoom dt-pswp-item' title='cam00293' data-dt-img-description='' data-large_image_width='750' data-large_image_height = '1000'  href='https:\/\/www.amdecorinox.com.br\/site\/wp-content\/uploads\/2019\/07\/cam00293.jpg'><img loading=\"lazy\" decoding=\"async\" width=\"150\" height=\"150\" src=\"https:\/\/www.amdecorinox.com.br\/site\/wp-content\/uploads\/2019\/07\/cam00293-150x150.jpg\" class=\"attachment-thumbnail size-thumbnail\" alt=\"\" srcset=\"https:\/\/www.amdecorinox.com.br\/site\/wp-content\/uploads\/2019\/07\/cam00293-150x150.jpg 150w, https:\/\/www.amdecorinox.com.br\/site\/wp-content\/uploads\/2019\/07\/cam00293-150x150@2x.jpg 300w\" sizes=\"(max-width: 150px) 100vw, 150px\" \/><\/a>\n\t\t\t\t<\/dt><\/dl><br style=\"clear: both\" \/><dl class='gallery-item'>\n\t\t\t\t<dt class='gallery-icon landscape'>\n\t\t\t\t\t<a data-description='' class='rollover rollover-zoom dt-pswp-item' title='cam00296' data-dt-img-description='' data-large_image_width='1000' data-large_image_height = '750'  href='https:\/\/www.amdecorinox.com.br\/site\/wp-content\/uploads\/2019\/07\/cam00296.jpg'><img loading=\"lazy\" decoding=\"async\" width=\"150\" height=\"150\" src=\"https:\/\/www.amdecorinox.com.br\/site\/wp-content\/uploads\/2019\/07\/cam00296-150x150.jpg\" class=\"attachment-thumbnail size-thumbnail\" alt=\"\" srcset=\"https:\/\/www.amdecorinox.com.br\/site\/wp-content\/uploads\/2019\/07\/cam00296-150x150.jpg 150w, https:\/\/www.amdecorinox.com.br\/site\/wp-content\/uploads\/2019\/07\/cam00296-150x150@2x.jpg 300w\" sizes=\"(max-width: 150px) 100vw, 150px\" \/><\/a>\n\t\t\t\t<\/dt><\/dl><dl class='gallery-item'>\n\t\t\t\t<dt class='gallery-icon portrait'>\n\t\t\t\t\t<a data-description='' class='rollover rollover-zoom dt-pswp-item' title='cam00863' data-dt-img-description='' data-large_image_width='750' data-large_image_height = '1000'  href='https:\/\/www.amdecorinox.com.br\/site\/wp-content\/uploads\/2019\/07\/cam00863.jpg'><img loading=\"lazy\" decoding=\"async\" width=\"150\" height=\"150\" src=\"https:\/\/www.amdecorinox.com.br\/site\/wp-content\/uploads\/2019\/07\/cam00863-150x150.jpg\" class=\"attachment-thumbnail size-thumbnail\" alt=\"\" srcset=\"https:\/\/www.amdecorinox.com.br\/site\/wp-content\/uploads\/2019\/07\/cam00863-150x150.jpg 150w, https:\/\/www.amdecorinox.com.br\/site\/wp-content\/uploads\/2019\/07\/cam00863-150x150@2x.jpg 300w\" sizes=\"(max-width: 150px) 100vw, 150px\" \/><\/a>\n\t\t\t\t<\/dt><\/dl><dl class='gallery-item'>\n\t\t\t\t<dt class='gallery-icon landscape'>\n\t\t\t\t\t<a data-description='' class='rollover rollover-zoom dt-pswp-item' title='cam00866' data-dt-img-description='' data-large_image_width='1000' data-large_image_height = '750'  href='https:\/\/www.amdecorinox.com.br\/site\/wp-content\/uploads\/2019\/07\/cam00866.jpg'><img loading=\"lazy\" decoding=\"async\" width=\"150\" height=\"150\" src=\"https:\/\/www.amdecorinox.com.br\/site\/wp-content\/uploads\/2019\/07\/cam00866-150x150.jpg\" class=\"attachment-thumbnail size-thumbnail\" alt=\"\" srcset=\"https:\/\/www.amdecorinox.com.br\/site\/wp-content\/uploads\/2019\/07\/cam00866-150x150.jpg 150w, https:\/\/www.amdecorinox.com.br\/site\/wp-content\/uploads\/2019\/07\/cam00866-150x150@2x.jpg 300w\" sizes=\"(max-width: 150px) 100vw, 150px\" \/><\/a>\n\t\t\t\t<\/dt><\/dl><dl class='gallery-item'>\n\t\t\t\t<dt class='gallery-icon portrait'>\n\t\t\t\t\t<a data-description='' class='rollover rollover-zoom dt-pswp-item' title='cam00872' data-dt-img-description='' data-large_image_width='750' data-large_image_height = '1000'  href='https:\/\/www.amdecorinox.com.br\/site\/wp-content\/uploads\/2019\/07\/cam00872.jpg'><img loading=\"lazy\" decoding=\"async\" width=\"150\" height=\"150\" src=\"https:\/\/www.amdecorinox.com.br\/site\/wp-content\/uploads\/2019\/07\/cam00872-150x150.jpg\" class=\"attachment-thumbnail size-thumbnail\" alt=\"\" srcset=\"https:\/\/www.amdecorinox.com.br\/site\/wp-content\/uploads\/2019\/07\/cam00872-150x150.jpg 150w, https:\/\/www.amdecorinox.com.br\/site\/wp-content\/uploads\/2019\/07\/cam00872-150x150@2x.jpg 300w\" sizes=\"(max-width: 150px) 100vw, 150px\" \/><\/a>\n\t\t\t\t<\/dt><\/dl><dl class='gallery-item'>\n\t\t\t\t<dt class='gallery-icon portrait'>\n\t\t\t\t\t<a data-description='' class='rollover rollover-zoom dt-pswp-item' title='cam01018' data-dt-img-description='' data-large_image_width='749' data-large_image_height = '1000'  href='https:\/\/www.amdecorinox.com.br\/site\/wp-content\/uploads\/2019\/07\/cam01018.jpg'><img loading=\"lazy\" decoding=\"async\" width=\"150\" height=\"150\" src=\"https:\/\/www.amdecorinox.com.br\/site\/wp-content\/uploads\/2019\/07\/cam01018-150x150.jpg\" class=\"attachment-thumbnail size-thumbnail\" alt=\"\" srcset=\"https:\/\/www.amdecorinox.com.br\/site\/wp-content\/uploads\/2019\/07\/cam01018-150x150.jpg 150w, https:\/\/www.amdecorinox.com.br\/site\/wp-content\/uploads\/2019\/07\/cam01018-150x150@2x.jpg 300w\" sizes=\"(max-width: 150px) 100vw, 150px\" \/><\/a>\n\t\t\t\t<\/dt><\/dl><dl class='gallery-item'>\n\t\t\t\t<dt class='gallery-icon landscape'>\n\t\t\t\t\t<a data-description='' class='rollover rollover-zoom dt-pswp-item' title='dscn0619' data-dt-img-description='' data-large_image_width='1000' data-large_image_height = '913'  href='https:\/\/www.amdecorinox.com.br\/site\/wp-content\/uploads\/2019\/07\/dscn0619.jpg'><img loading=\"lazy\" decoding=\"async\" width=\"150\" height=\"150\" src=\"https:\/\/www.amdecorinox.com.br\/site\/wp-content\/uploads\/2019\/07\/dscn0619-150x150.jpg\" class=\"attachment-thumbnail size-thumbnail\" alt=\"\" srcset=\"https:\/\/www.amdecorinox.com.br\/site\/wp-content\/uploads\/2019\/07\/dscn0619-150x150.jpg 150w, https:\/\/www.amdecorinox.com.br\/site\/wp-content\/uploads\/2019\/07\/dscn0619-150x150@2x.jpg 300w\" sizes=\"(max-width: 150px) 100vw, 150px\" \/><\/a>\n\t\t\t\t<\/dt><\/dl><br style=\"clear: both\" \/><dl class='gallery-item'>\n\t\t\t\t<dt class='gallery-icon landscape'>\n\t\t\t\t\t<a data-description='' class='rollover rollover-zoom dt-pswp-item' title='dscn0619_0' data-dt-img-description='' data-large_image_width='1000' data-large_image_height = '912'  href='https:\/\/www.amdecorinox.com.br\/site\/wp-content\/uploads\/2019\/07\/dscn0619_0.jpg'><img loading=\"lazy\" decoding=\"async\" width=\"150\" height=\"150\" src=\"https:\/\/www.amdecorinox.com.br\/site\/wp-content\/uploads\/2019\/07\/dscn0619_0-150x150.jpg\" class=\"attachment-thumbnail size-thumbnail\" alt=\"\" srcset=\"https:\/\/www.amdecorinox.com.br\/site\/wp-content\/uploads\/2019\/07\/dscn0619_0-150x150.jpg 150w, https:\/\/www.amdecorinox.com.br\/site\/wp-content\/uploads\/2019\/07\/dscn0619_0-150x150@2x.jpg 300w\" sizes=\"(max-width: 150px) 100vw, 150px\" \/><\/a>\n\t\t\t\t<\/dt><\/dl><dl class='gallery-item'>\n\t\t\t\t<dt class='gallery-icon portrait'>\n\t\t\t\t\t<a data-description='' class='rollover rollover-zoom dt-pswp-item' title='dscn0620' data-dt-img-description='' data-large_image_width='826' data-large_image_height = '1000'  href='https:\/\/www.amdecorinox.com.br\/site\/wp-content\/uploads\/2019\/07\/dscn0620.jpg'><img loading=\"lazy\" decoding=\"async\" width=\"150\" height=\"150\" src=\"https:\/\/www.amdecorinox.com.br\/site\/wp-content\/uploads\/2019\/07\/dscn0620-150x150.jpg\" class=\"attachment-thumbnail size-thumbnail\" alt=\"\" srcset=\"https:\/\/www.amdecorinox.com.br\/site\/wp-content\/uploads\/2019\/07\/dscn0620-150x150.jpg 150w, https:\/\/www.amdecorinox.com.br\/site\/wp-content\/uploads\/2019\/07\/dscn0620-150x150@2x.jpg 300w\" sizes=\"(max-width: 150px) 100vw, 150px\" \/><\/a>\n\t\t\t\t<\/dt><\/dl><dl class='gallery-item'>\n\t\t\t\t<dt class='gallery-icon landscape'>\n\t\t\t\t\t<a data-description='' class='rollover rollover-zoom dt-pswp-item' title='dscn1420' data-dt-img-description='' data-large_image_width='1000' data-large_image_height = '750'  href='https:\/\/www.amdecorinox.com.br\/site\/wp-content\/uploads\/2019\/07\/dscn1420.jpg'><img loading=\"lazy\" decoding=\"async\" width=\"150\" height=\"150\" src=\"https:\/\/www.amdecorinox.com.br\/site\/wp-content\/uploads\/2019\/07\/dscn1420-150x150.jpg\" class=\"attachment-thumbnail size-thumbnail\" alt=\"\" srcset=\"https:\/\/www.amdecorinox.com.br\/site\/wp-content\/uploads\/2019\/07\/dscn1420-150x150.jpg 150w, https:\/\/www.amdecorinox.com.br\/site\/wp-content\/uploads\/2019\/07\/dscn1420-150x150@2x.jpg 300w\" sizes=\"(max-width: 150px) 100vw, 150px\" \/><\/a>\n\t\t\t\t<\/dt><\/dl><dl class='gallery-item'>\n\t\t\t\t<dt class='gallery-icon landscape'>\n\t\t\t\t\t<a data-description='' class='rollover rollover-zoom dt-pswp-item' title='dscn1425' data-dt-img-description='' data-large_image_width='1000' data-large_image_height = '750'  href='https:\/\/www.amdecorinox.com.br\/site\/wp-content\/uploads\/2019\/07\/dscn1425.jpg'><img loading=\"lazy\" decoding=\"async\" width=\"150\" height=\"150\" src=\"https:\/\/www.amdecorinox.com.br\/site\/wp-content\/uploads\/2019\/07\/dscn1425-150x150.jpg\" class=\"attachment-thumbnail size-thumbnail\" alt=\"\" srcset=\"https:\/\/www.amdecorinox.com.br\/site\/wp-content\/uploads\/2019\/07\/dscn1425-150x150.jpg 150w, https:\/\/www.amdecorinox.com.br\/site\/wp-content\/uploads\/2019\/07\/dscn1425-150x150@2x.jpg 300w\" sizes=\"(max-width: 150px) 100vw, 150px\" \/><\/a>\n\t\t\t\t<\/dt><\/dl><dl class='gallery-item'>\n\t\t\t\t<dt class='gallery-icon landscape'>\n\t\t\t\t\t<a data-description='' class='rollover rollover-zoom dt-pswp-item' title='img-20160401-wa0006' data-dt-img-description='' data-large_image_width='1000' data-large_image_height = '562'  href='https:\/\/www.amdecorinox.com.br\/site\/wp-content\/uploads\/2019\/07\/img-20160401-wa0006.jpg'><img loading=\"lazy\" decoding=\"async\" width=\"150\" height=\"150\" src=\"https:\/\/www.amdecorinox.com.br\/site\/wp-content\/uploads\/2019\/07\/img-20160401-wa0006-150x150.jpg\" class=\"attachment-thumbnail size-thumbnail\" alt=\"\" srcset=\"https:\/\/www.amdecorinox.com.br\/site\/wp-content\/uploads\/2019\/07\/img-20160401-wa0006-150x150.jpg 150w, https:\/\/www.amdecorinox.com.br\/site\/wp-content\/uploads\/2019\/07\/img-20160401-wa0006-150x150@2x.jpg 300w\" sizes=\"(max-width: 150px) 100vw, 150px\" \/><\/a>\n\t\t\t\t<\/dt><\/dl><dl class='gallery-item'>\n\t\t\t\t<dt class='gallery-icon portrait'>\n\t\t\t\t\t<a data-description='' class='rollover rollover-zoom dt-pswp-item' title='img-20160401-wa0008' data-dt-img-description='' data-large_image_width='563' data-large_image_height = '1000'  href='https:\/\/www.amdecorinox.com.br\/site\/wp-content\/uploads\/2019\/07\/img-20160401-wa0008.jpg'><img loading=\"lazy\" decoding=\"async\" width=\"150\" height=\"150\" src=\"https:\/\/www.amdecorinox.com.br\/site\/wp-content\/uploads\/2019\/07\/img-20160401-wa0008-150x150.jpg\" class=\"attachment-thumbnail size-thumbnail\" alt=\"\" srcset=\"https:\/\/www.amdecorinox.com.br\/site\/wp-content\/uploads\/2019\/07\/img-20160401-wa0008-150x150.jpg 150w, https:\/\/www.amdecorinox.com.br\/site\/wp-content\/uploads\/2019\/07\/img-20160401-wa0008-150x150@2x.jpg 300w\" sizes=\"(max-width: 150px) 100vw, 150px\" \/><\/a>\n\t\t\t\t<\/dt><\/dl><br style=\"clear: both\" \/><dl class='gallery-item'>\n\t\t\t\t<dt class='gallery-icon landscape'>\n\t\t\t\t\t<a data-description='' class='rollover rollover-zoom dt-pswp-item' title='mesa' data-dt-img-description='' data-large_image_width='1000' data-large_image_height = '1000'  href='https:\/\/www.amdecorinox.com.br\/site\/wp-content\/uploads\/2019\/07\/mesa.jpg'><img loading=\"lazy\" decoding=\"async\" width=\"150\" height=\"150\" src=\"https:\/\/www.amdecorinox.com.br\/site\/wp-content\/uploads\/2019\/07\/mesa-150x150.jpg\" class=\"attachment-thumbnail size-thumbnail\" alt=\"\" srcset=\"https:\/\/www.amdecorinox.com.br\/site\/wp-content\/uploads\/2019\/07\/mesa-150x150.jpg 150w, https:\/\/www.amdecorinox.com.br\/site\/wp-content\/uploads\/2019\/07\/mesa-300x300.jpg 300w, https:\/\/www.amdecorinox.com.br\/site\/wp-content\/uploads\/2019\/07\/mesa.jpg 1000w, https:\/\/www.amdecorinox.com.br\/site\/wp-content\/uploads\/2019\/07\/mesa-300x300@2x.jpg 600w\" sizes=\"(max-width: 150px) 100vw, 150px\" \/><\/a>\n\t\t\t\t<\/dt><\/dl><dl class='gallery-item'>\n\t\t\t\t<dt class='gallery-icon portrait'>\n\t\t\t\t\t<a data-description='' class='rollover rollover-zoom dt-pswp-item' title='s5032648' data-dt-img-description='' data-large_image_width='807' data-large_image_height = '1000'  href='https:\/\/www.amdecorinox.com.br\/site\/wp-content\/uploads\/2019\/07\/s5032648.jpg'><img loading=\"lazy\" decoding=\"async\" width=\"150\" height=\"150\" src=\"https:\/\/www.amdecorinox.com.br\/site\/wp-content\/uploads\/2019\/07\/s5032648-150x150.jpg\" class=\"attachment-thumbnail size-thumbnail\" alt=\"\" srcset=\"https:\/\/www.amdecorinox.com.br\/site\/wp-content\/uploads\/2019\/07\/s5032648-150x150.jpg 150w, https:\/\/www.amdecorinox.com.br\/site\/wp-content\/uploads\/2019\/07\/s5032648-150x150@2x.jpg 300w\" sizes=\"(max-width: 150px) 100vw, 150px\" \/><\/a>\n\t\t\t\t<\/dt><\/dl><dl class='gallery-item'>\n\t\t\t\t<dt class='gallery-icon landscape'>\n\t\t\t\t\t<a data-description='' class='rollover rollover-zoom dt-pswp-item' title='s5032680' data-dt-img-description='' data-large_image_width='1000' data-large_image_height = '558'  href='https:\/\/www.amdecorinox.com.br\/site\/wp-content\/uploads\/2019\/07\/s5032680.jpg'><img loading=\"lazy\" decoding=\"async\" width=\"150\" height=\"150\" src=\"https:\/\/www.amdecorinox.com.br\/site\/wp-content\/uploads\/2019\/07\/s5032680-150x150.jpg\" class=\"attachment-thumbnail size-thumbnail\" alt=\"\" srcset=\"https:\/\/www.amdecorinox.com.br\/site\/wp-content\/uploads\/2019\/07\/s5032680-150x150.jpg 150w, https:\/\/www.amdecorinox.com.br\/site\/wp-content\/uploads\/2019\/07\/s5032680-150x150@2x.jpg 300w\" sizes=\"(max-width: 150px) 100vw, 150px\" \/><\/a>\n\t\t\t\t<\/dt><\/dl><dl class='gallery-item'>\n\t\t\t\t<dt class='gallery-icon landscape'>\n\t\t\t\t\t<a data-description='' class='rollover rollover-zoom dt-pswp-item' title='s5032681' data-dt-img-description='' data-large_image_width='1000' data-large_image_height = '948'  href='https:\/\/www.amdecorinox.com.br\/site\/wp-content\/uploads\/2019\/07\/s5032681.jpg'><img loading=\"lazy\" decoding=\"async\" width=\"150\" height=\"150\" src=\"https:\/\/www.amdecorinox.com.br\/site\/wp-content\/uploads\/2019\/07\/s5032681-150x150.jpg\" class=\"attachment-thumbnail size-thumbnail\" alt=\"\" srcset=\"https:\/\/www.amdecorinox.com.br\/site\/wp-content\/uploads\/2019\/07\/s5032681-150x150.jpg 150w, https:\/\/www.amdecorinox.com.br\/site\/wp-content\/uploads\/2019\/07\/s5032681-150x150@2x.jpg 300w\" sizes=\"(max-width: 150px) 100vw, 150px\" \/><\/a>\n\t\t\t\t<\/dt><\/dl><dl class='gallery-item'>\n\t\t\t\t<dt class='gallery-icon landscape'>\n\t\t\t\t\t<a data-description='' class='rollover rollover-zoom dt-pswp-item' title='s5032682' data-dt-img-description='' data-large_image_width='1000' data-large_image_height = '414'  href='https:\/\/www.amdecorinox.com.br\/site\/wp-content\/uploads\/2019\/07\/s5032682.jpg'><img loading=\"lazy\" decoding=\"async\" width=\"150\" height=\"150\" src=\"https:\/\/www.amdecorinox.com.br\/site\/wp-content\/uploads\/2019\/07\/s5032682-150x150.jpg\" class=\"attachment-thumbnail size-thumbnail\" alt=\"\" srcset=\"https:\/\/www.amdecorinox.com.br\/site\/wp-content\/uploads\/2019\/07\/s5032682-150x150.jpg 150w, https:\/\/www.amdecorinox.com.br\/site\/wp-content\/uploads\/2019\/07\/s5032682-150x150@2x.jpg 300w\" sizes=\"(max-width: 150px) 100vw, 150px\" \/><\/a>\n\t\t\t\t<\/dt><\/dl>\n\t\t\t\t<br style='clear: both' \/>\n\t\t\t<\/div>\n\n<p>[\/vc_column_text][\/vc_column][\/vc_row]<\/p>\n<p>&nbsp;<\/p>","protected":false},"excerpt":{"rendered":"<p>[vc_row][vc_column][vc_column_text] Somos especializados na fabrica\u00e7\u00e3o de equipamentos para\u00a0cozinha industrial: sistema de exaust\u00e3o, coifas, tubula\u00e7\u00f5es, mesas lisas, mesas com cuba, balc\u00e3o, e churrasqueiras.\u00a0N\u00e3o perca tempo\u00a0e conhe\u00e7a o diferencial dos nossos produtos.\u00a0 [\/vc_column_text][\/vc_column][\/vc_row] &nbsp;<\/p>\n","protected":false},"author":1,"featured_media":0,"parent":10,"menu_order":0,"comment_status":"open","ping_status":"closed","template":"","meta":{"footnotes":""},"_links":{"self":[{"href":"https:\/\/www.amdecorinox.com.br\/site\/wp-json\/wp\/v2\/pages\/64"}],"collection":[{"href":"https:\/\/www.amdecorinox.com.br\/site\/wp-json\/wp\/v2\/pages"}],"about":[{"href":"https:\/\/www.amdecorinox.com.br\/site\/wp-json\/wp\/v2\/types\/page"}],"author":[{"embeddable":true,"href":"https:\/\/www.amdecorinox.com.br\/site\/wp-json\/wp\/v2\/users\/1"}],"replies":[{"embeddable":true,"href":"https:\/\/www.amdecorinox.com.br\/site\/wp-json\/wp\/v2\/comments?post=64"}],"version-history":[{"count":9,"href":"https:\/\/www.amdecorinox.com.br\/site\/wp-json\/wp\/v2\/pages\/64\/revisions"}],"predecessor-version":[{"id":605,"href":"https:\/\/www.amdecorinox.com.br\/site\/wp-json\/wp\/v2\/pages\/64\/revisions\/605"}],"up":[{"embeddable":true,"href":"https:\/\/www.amdecorinox.com.br\/site\/wp-json\/wp\/v2\/pages\/10"}],"wp:attachment":[{"href":"https:\/\/www.amdecorinox.com.br\/site\/wp-json\/wp\/v2\/media?parent=64"}],"curies":[{"name":"wp","href":"https:\/\/api.w.org\/{rel}","templated":true}]}}