{"id":123,"date":"2014-06-13T17:39:32","date_gmt":"2014-06-13T17:39:32","guid":{"rendered":"http:\/\/www.amdecorinox.com.br\/site\/?page_id=123"},"modified":"2019-07-11T11:04:11","modified_gmt":"2019-07-11T11:04:11","slug":"conheca-o-aco-inoxidavel","status":"publish","type":"page","link":"https:\/\/www.amdecorinox.com.br\/site\/conheca-o-aco-inoxidavel\/","title":{"rendered":"Cuidados com A\u00e7o inox"},"content":{"rendered":"<p>&nbsp;<\/p>\n<p><span style=\"color: #000000;\"><strong>CUIDADOS COM O A\u00c7O INOX<\/strong><\/span><\/p>\n<ul>\n<li><span style=\"color: #000000;\"><strong><strong>\u00c1CIDOS:\u00a0<\/strong><\/strong>\u00a0Produtos qu\u00edmicos que danificam a superf\u00edcie do a\u00e7o inox devem ser evitados. Recomendamos \u00e1gua na temperatura entre morna e fria.<\/span><\/li>\n<li><span style=\"color: #000000;\"><strong>PRODUTOS DE LIMPEZA:<\/strong>\u00a0 Recomenda-se somente em casos extremos, pois prejudicam a superf\u00edcie do a\u00e7o inox. Indica-se \u00e1gua, sab\u00e3o e detergentes neutros.<\/span><\/li>\n<li><span style=\"color: #000000;\"><strong>ALIMENTOS:\u00a0<\/strong>\u00a0Evite o contato prolongado do produto com solu\u00e7\u00f5es altamente concentradas de sal, principalmente estando em altas temperaturas.<\/span><\/li>\n<li><span style=\"color: #000000;\"><strong>A\u00c7O COMUM:\u00a0\u00a0<\/strong>N\u00e3o deixe artigos de a\u00e7o comum em contato com o a\u00e7o inox, especialmente se estiverem \u00famidos ou molhados. A exemplo disso est\u00e1 a esponja de a\u00e7o, cuja ferrugem causa manchas ao a\u00e7o inox. Quando n\u00e3o for poss\u00edvel evitar seu uso, as pe\u00e7as devem receber \u00e1gua em abund\u00e2ncia.<\/span><\/li>\n<\/ul>\n<p><span style=\"color: #000000;\"><strong>CARACTER\u00cdSTICAS DO A\u00c7O INOX\u00a0<\/strong><\/span><\/p>\n<ul>\n<li><span style=\"color: #000000;\">Material recicl\u00e1vel;<\/span><\/li>\n<li><span style=\"color: #000000;\">Alta resist\u00eancia \u00e0 corros\u00e3o;<\/span><\/li>\n<li><span style=\"color: #000000;\">Resist\u00eancia mec\u00e2nica adequada;<\/span><\/li>\n<li><span style=\"color: #000000;\">Facilidade de limpeza \/ baixa rugosidade superficial;<\/span><\/li>\n<li><span style=\"color: #000000;\">Apar\u00eancia higi\u00eanica;<\/span><\/li>\n<li><span style=\"color: #000000;\">Resist\u00eancia a altas temperaturas;<\/span><\/li>\n<li><span style=\"color: #000000;\">Resist\u00eancia a temperatura criog\u00eanicas (Abaixo de 0 \u00b0C);<\/span><\/li>\n<li><span style=\"color: #000000;\">Resist\u00eancia \u00e0s varia\u00e7\u00f5es bruscas de temperatura;<\/span><\/li>\n<li><span style=\"color: #000000;\">Acabamentos superficiais e formas variadas;<\/span><\/li>\n<li><span style=\"color: #000000;\">Forte apelo visual (Modernidade, leveza e prest\u00edgio);<\/span><\/li>\n<li><span style=\"color: #000000;\">Rela\u00e7\u00e3o custo\/benef\u00edcio favor\u00e1vel.<\/span><\/li>\n<\/ul>\n<p><\/p>","protected":false},"excerpt":{"rendered":"<p>&nbsp; CUIDADOS COM O A\u00c7O INOX \u00c1CIDOS:\u00a0\u00a0Produtos qu\u00edmicos que danificam a superf\u00edcie do a\u00e7o inox devem ser evitados. Recomendamos \u00e1gua na temperatura entre morna e fria. PRODUTOS DE LIMPEZA:\u00a0 Recomenda-se somente em casos extremos, pois prejudicam a superf\u00edcie do a\u00e7o inox. Indica-se \u00e1gua, sab\u00e3o e detergentes neutros. ALIMENTOS:\u00a0\u00a0Evite o contato prolongado do produto com solu\u00e7\u00f5es&hellip;<\/p>\n","protected":false},"author":2,"featured_media":0,"parent":0,"menu_order":0,"comment_status":"open","ping_status":"closed","template":"","meta":{"footnotes":""},"_links":{"self":[{"href":"https:\/\/www.amdecorinox.com.br\/site\/wp-json\/wp\/v2\/pages\/123"}],"collection":[{"href":"https:\/\/www.amdecorinox.com.br\/site\/wp-json\/wp\/v2\/pages"}],"about":[{"href":"https:\/\/www.amdecorinox.com.br\/site\/wp-json\/wp\/v2\/types\/page"}],"author":[{"embeddable":true,"href":"https:\/\/www.amdecorinox.com.br\/site\/wp-json\/wp\/v2\/users\/2"}],"replies":[{"embeddable":true,"href":"https:\/\/www.amdecorinox.com.br\/site\/wp-json\/wp\/v2\/comments?post=123"}],"version-history":[{"count":28,"href":"https:\/\/www.amdecorinox.com.br\/site\/wp-json\/wp\/v2\/pages\/123\/revisions"}],"predecessor-version":[{"id":600,"href":"https:\/\/www.amdecorinox.com.br\/site\/wp-json\/wp\/v2\/pages\/123\/revisions\/600"}],"wp:attachment":[{"href":"https:\/\/www.amdecorinox.com.br\/site\/wp-json\/wp\/v2\/media?parent=123"}],"curies":[{"name":"wp","href":"https:\/\/api.w.org\/{rel}","templated":true}]}}