{"id":12,"date":"2014-04-08T02:39:59","date_gmt":"2014-04-08T02:39:59","guid":{"rendered":"http:\/\/www.amdecorinox.com.br\/site\/?page_id=12"},"modified":"2019-04-04T01:47:23","modified_gmt":"2019-04-04T01:47:23","slug":"onde-estamos","status":"publish","type":"page","link":"https:\/\/www.amdecorinox.com.br\/site\/onde-estamos\/","title":{"rendered":"LOCALIZA\u00c7\u00c3O"},"content":{"rendered":"<p>[vc_row][vc_column][vc_column_text css_animation=&#8221;right-to-left&#8221;]<\/p>\n<h5 style=\"font-weight: 400; color: #808080;\"><span style=\"color: #000000;\">PASSANDO O HOSPITAL SANTA CATARINA, PRIMEIRA RUA \u00c0 DIREITA. SIGA EM FRENTE AT\u00c9 A PR\u00d3XIMA RUA \u00c0 ESQUERDA. RUA CORUMB\u00c1, 90 \u2013 RIBEIR\u00c3O FRESCO \u2013 BLUMENAU SC<\/span><\/h5>\n<p>[\/vc_column_text][\/vc_column][\/vc_row][vc_row][vc_column][vc_gmaps link=&#8221;#E-8_JTNDaWZyYW1lJTIwc3JjJTNEJTIyaHR0cHMlM0ElMkYlMkZ3d3cuZ29vZ2xlLmNvbSUyRm1hcHMlMkZlbWJlZCUzRnBiJTNEJTIxMW0xNCUyMTFtOCUyMTFtMyUyMTFkNzExNC41Mzc2NDQ1MTQzNjUlMjEyZC00OS4wNTAzMTclMjEzZC0yNi45MjY2OTElMjEzbTIlMjExaTEwMjQlMjEyaTc2OCUyMTRmMTMuMSUyMTNtMyUyMTFtMiUyMTFzMHg5NGRmMTg4NTQ2NGQ5YTIxJTI1M0EweGI3MzJjNmFkYTdjNzVmOWYlMjEyc1IuJTJCQ29ydW1iJTI1QzMlMjVBMSUyNTJDJTJCOTAlMkItJTJCUmliZWlyJTI1QzMlMjVBM28lMkJGcmVzY28lMjUyQyUyQkJsdW1lbmF1JTJCLSUyQlNDJTI1MkMlMkI4OTAxNS0xMzAlMjUyQyUyQkJyYXNpbCUyMTVlMCUyMTNtMiUyMTFzcHQtQlIlMjEyc3VzJTIxNHYxNTA2NDE5Nzg1NTcwJTIyJTIwd2lkdGglM0QlMjI2NzQlMjIlMjBoZWlnaHQlM0QlMjI2MDAlMjIlMjBmcmFtZWJvcmRlciUzRCUyMjAlMjIlMjBzdHlsZSUzRCUyMmJvcmRlciUzQTAlMjIlMjBhbGxvd2Z1bGxzY3JlZW4lM0UlM0MlMkZpZnJhbWUlM0U=&#8221; css_animation=&#8221;lightSpeedIn&#8221;][\/vc_column][\/vc_row]<\/p>\n","protected":false},"excerpt":{"rendered":"<p>[vc_row][vc_column][vc_column_text css_animation=&#8221;right-to-left&#8221;] PASSANDO O HOSPITAL SANTA CATARINA, PRIMEIRA RUA \u00c0 DIREITA. SIGA EM FRENTE AT\u00c9 A PR\u00d3XIMA RUA \u00c0 ESQUERDA. RUA CORUMB\u00c1, 90 \u2013 RIBEIR\u00c3O FRESCO \u2013 BLUMENAU SC [\/vc_column_text][\/vc_column][\/vc_row][vc_row][vc_column][vc_gmaps link=&#8221;#E-8_JTNDaWZyYW1lJTIwc3JjJTNEJTIyaHR0cHMlM0ElMkYlMkZ3d3cuZ29vZ2xlLmNvbSUyRm1hcHMlMkZlbWJlZCUzRnBiJTNEJTIxMW0xNCUyMTFtOCUyMTFtMyUyMTFkNzExNC41Mzc2NDQ1MTQzNjUlMjEyZC00OS4wNTAzMTclMjEzZC0yNi45MjY2OTElMjEzbTIlMjExaTEwMjQlMjEyaTc2OCUyMTRmMTMuMSUyMTNtMyUyMTFtMiUyMTFzMHg5NGRmMTg4NTQ2NGQ5YTIxJTI1M0EweGI3MzJjNmFkYTdjNzVmOWYlMjEyc1IuJTJCQ29ydW1iJTI1QzMlMjVBMSUyNTJDJTJCOTAlMkItJTJCUmliZWlyJTI1QzMlMjVBM28lMkJGcmVzY28lMjUyQyUyQkJsdW1lbmF1JTJCLSUyQlNDJTI1MkMlMkI4OTAxNS0xMzAlMjUyQyUyQkJyYXNpbCUyMTVlMCUyMTNtMiUyMTFzcHQtQlIlMjEyc3VzJTIxNHYxNTA2NDE5Nzg1NTcwJTIyJTIwd2lkdGglM0QlMjI2NzQlMjIlMjBoZWlnaHQlM0QlMjI2MDAlMjIlMjBmcmFtZWJvcmRlciUzRCUyMjAlMjIlMjBzdHlsZSUzRCUyMmJvcmRlciUzQTAlMjIlMjBhbGxvd2Z1bGxzY3JlZW4lM0UlM0MlMkZpZnJhbWUlM0U=&#8221; css_animation=&#8221;lightSpeedIn&#8221;][\/vc_column][\/vc_row]<\/p>\n","protected":false},"author":1,"featured_media":0,"parent":0,"menu_order":4,"comment_status":"open","ping_status":"closed","template":"","meta":{"footnotes":""},"_links":{"self":[{"href":"https:\/\/www.amdecorinox.com.br\/site\/wp-json\/wp\/v2\/pages\/12"}],"collection":[{"href":"https:\/\/www.amdecorinox.com.br\/site\/wp-json\/wp\/v2\/pages"}],"about":[{"href":"https:\/\/www.amdecorinox.com.br\/site\/wp-json\/wp\/v2\/types\/page"}],"author":[{"embeddable":true,"href":"https:\/\/www.amdecorinox.com.br\/site\/wp-json\/wp\/v2\/users\/1"}],"replies":[{"embeddable":true,"href":"https:\/\/www.amdecorinox.com.br\/site\/wp-json\/wp\/v2\/comments?post=12"}],"version-history":[{"count":12,"href":"https:\/\/www.amdecorinox.com.br\/site\/wp-json\/wp\/v2\/pages\/12\/revisions"}],"predecessor-version":[{"id":278,"href":"https:\/\/www.amdecorinox.com.br\/site\/wp-json\/wp\/v2\/pages\/12\/revisions\/278"}],"wp:attachment":[{"href":"https:\/\/www.amdecorinox.com.br\/site\/wp-json\/wp\/v2\/media?parent=12"}],"curies":[{"name":"wp","href":"https:\/\/api.w.org\/{rel}","templated":true}]}}